{"id":208,"date":"2022-02-04T11:48:50","date_gmt":"2022-02-04T10:48:50","guid":{"rendered":"http:\/\/classic-parts-finder.com\/?page_id=208"},"modified":"2023-05-17T17:33:06","modified_gmt":"2023-05-17T15:33:06","slug":"who-are-we","status":"publish","type":"page","link":"https:\/\/classic-parts-finder.com\/content\/en\/who-are-we\/","title":{"rendered":"Who are we ?"},"content":{"rendered":"\n<h3 class=\"wp-block-heading\" id=\"naissance-d-une-idee\"><strong>Our story<\/strong><\/h3>\n\n\n\n<div style=\"height:20px\" aria-hidden=\"true\" class=\"wp-block-spacer\"><\/div>\n\n\n\n<div class=\"wp-block-media-text alignwide is-stacked-on-mobile is-image-fill\"><figure class=\"wp-block-media-text__media\" style=\"background-image:url(https:\/\/classic-parts-finder.com\/content\/wp-content\/uploads\/2022\/02\/qui-sommes-nous-1024x680.jpeg);background-position:50% 50%\"><img loading=\"lazy\" decoding=\"async\" width=\"1024\" height=\"680\" src=\"https:\/\/classic-parts-finder.com\/content\/wp-content\/uploads\/2022\/02\/qui-sommes-nous-1024x680.jpeg\" alt=\"\" class=\"wp-image-210 size-full\" srcset=\"https:\/\/classic-parts-finder.com\/content\/wp-content\/uploads\/2022\/02\/qui-sommes-nous-1024x680.jpeg 1024w, https:\/\/classic-parts-finder.com\/content\/wp-content\/uploads\/2022\/02\/qui-sommes-nous-300x199.jpeg 300w, https:\/\/classic-parts-finder.com\/content\/wp-content\/uploads\/2022\/02\/qui-sommes-nous-768x510.jpeg 768w, https:\/\/classic-parts-finder.com\/content\/wp-content\/uploads\/2022\/02\/qui-sommes-nous.jpeg 1200w\" sizes=\"auto, (max-width: 1024px) 100vw, 1024px\" \/><\/figure><div class=\"wp-block-media-text__content\">\n<p class=\"has-normal-font-size\">Classic Parts Finder originated -like any good idea one may say- from a frustration! Its founder, Benjamin Grappin, himself a vintage car enthusiast and collector, has always enjoyed browsing trade shows or searching the web for the right spare part. But he still has to find the time to do it\u2026 After a few unfortunate experiences (poor quality remanufactured parts, scams on heavily advertised websites, delayed restoration projects&#8230;), Benjamin decided to tackle the subject!<\/p>\n<\/div><\/div>\n\n\n\n<div style=\"height:20px\" aria-hidden=\"true\" class=\"wp-block-spacer\"><\/div>\n\n\n\n<p class=\"has-normal-font-size\">Why not imagine an international platform entirely dedicated to this real issue, which would allow everyone -whether amateur or professional- to <strong>find<\/strong>, <strong>sell<\/strong>, or even <strong>renovate <\/strong>their spare parts easily?<\/p>\n\n\n\n<p><\/p>\n\n\n\n<p class=\"has-normal-font-size\">A great opportunity for Benjamin, who can thus take advantage of his encyclopedic knowledge of vintage cars and combine it with his professional experience, which is strongly rooted in the international arena (Benjamin studied in France and the United States, then worked in New York, Berlin, and resided for a dozen years in Switzerland. He currently lives in Germany, in the Cologne area).<\/p>\n\n\n\n<div style=\"height:23px\" aria-hidden=\"true\" class=\"wp-block-spacer\"><\/div>\n\n\n\n<h3 class=\"wp-block-heading\" id=\"le-concept-classic-parts-finder-cpf\"><strong>C<strong>oncept<\/strong><\/strong> <\/h3>\n\n\n\n<div style=\"height:20px\" aria-hidden=\"true\" class=\"wp-block-spacer\"><\/div>\n\n\n\n<p class=\"has-normal-font-size\">Classic Parts Finder aims to solve many collectors&#8217; problems by centralizing requests and offers for spare parts. The idea is also to privilege whenever possible the renovation of a part rather than its replacement, by facilitating the collaboration with various restorers and specialists.<\/p>\n\n\n\n<p class=\"has-normal-font-size\">Equipped with a simple and intuitive smart interface, the platform favors original parts, or remanufactured parts of better quality, thanks to an international network of both professionals and amateurs. All requests as well as the parts offered for sale are subject to moderation, in order to ensure the quality of the exchanges.<\/p>\n\n\n\n<p class=\"has-normal-font-size\">Convinced? Whether you are a searcher, a dealer, or a restorer, join the Classic Parts Finder community by registering <strong><a href=\"https:\/\/classic-parts-finder.com\/en\/newAccount\">here<\/a><\/strong>!<\/p>\n\n\n\n<p class=\"has-normal-font-size\">If you have any questions, don&#8217;t hesitate to write us via the <strong><a href=\"https:\/\/classic-parts-finder.com\/content\/en\/contact-us\/\">contact form<\/a><\/strong>.<\/p>\n\n\n\n<div style=\"height:26px\" aria-hidden=\"true\" class=\"wp-block-spacer\"><\/div>\n\n\n\n<h3 class=\"wp-block-heading\" id=\"le-concept-classic-parts-finder-cpf\"><strong>Classic Parts Finder&#8217;s DNA<\/strong><\/h3>\n\n\n\n<div style=\"height:20px\" aria-hidden=\"true\" class=\"wp-block-spacer\"><\/div>\n\n\n\n<ul class=\"wp-block-list\">\n<li>Search\/Sell\/Renovate<\/li>\n\n\n\n<li>Original and quality parts<\/li>\n\n\n\n<li>Time saving<\/li>\n\n\n\n<li>Customer Service<\/li>\n\n\n\n<li>Choose\/Compare<\/li>\n\n\n\n<li>Internationality<\/li>\n\n\n\n<li>No advertising<\/li>\n<\/ul>\n","protected":false},"excerpt":{"rendered":"<p>Our story Classic Parts Finder originated -like any good idea one may say- from a frustration! Its founder, Benjamin Grappin, himself a vintage car enthusiast and collector, has always enjoyed browsing trade shows or searching the web for the right spare part. But he still has to find the time to do it\u2026 After a [&hellip;]<\/p>\n","protected":false},"author":1,"featured_media":209,"parent":0,"menu_order":0,"comment_status":"closed","ping_status":"closed","template":"","meta":{"inline_featured_image":false,"footnotes":""},"class_list":["post-208","page","type-page","status-publish","has-post-thumbnail","hentry"],"yoast_head":"<!-- This site is optimized with the Yoast SEO Premium plugin v21.5 (Yoast SEO v27.5) - https:\/\/yoast.com\/product\/yoast-seo-premium-wordpress\/ -->\n<title>Who are we ? - Classic Parts Finder<\/title>\n<meta name=\"robots\" content=\"index, follow, max-snippet:-1, max-image-preview:large, max-video-preview:-1\" \/>\n<link rel=\"canonical\" href=\"https:\/\/classic-parts-finder.com\/content\/en\/who-are-we\/\" \/>\n<meta property=\"og:locale\" content=\"fr_FR\" \/>\n<meta property=\"og:type\" content=\"article\" \/>\n<meta property=\"og:title\" content=\"Who are we ?\" \/>\n<meta property=\"og:description\" content=\"Our story Classic Parts Finder originated -like any good idea one may say- from a frustration! Its founder, Benjamin Grappin, himself a vintage car enthusiast and collector, has always enjoyed browsing trade shows or searching the web for the right spare part. But he still has to find the time to do it\u2026 After a [&hellip;]\" \/>\n<meta property=\"og:url\" content=\"https:\/\/classic-parts-finder.com\/content\/en\/who-are-we\/\" \/>\n<meta property=\"og:site_name\" content=\"Classic Parts Finder\" \/>\n<meta property=\"article:publisher\" content=\"https:\/\/www.facebook.com\/classicpartsfinder\/\" \/>\n<meta property=\"article:modified_time\" content=\"2023-05-17T15:33:06+00:00\" \/>\n<meta property=\"og:image\" content=\"https:\/\/classic-parts-finder.com\/content\/wp-content\/uploads\/2022\/02\/qui-sommes-nous.jpeg\" \/>\n\t<meta property=\"og:image:width\" content=\"1200\" \/>\n\t<meta property=\"og:image:height\" content=\"797\" \/>\n\t<meta property=\"og:image:type\" content=\"image\/jpeg\" \/>\n<meta name=\"twitter:card\" content=\"summary_large_image\" \/>\n<meta name=\"twitter:label1\" content=\"Dur\u00e9e de lecture estim\u00e9e\" \/>\n\t<meta name=\"twitter:data1\" content=\"2 minutes\" \/>\n<script type=\"application\/ld+json\" class=\"yoast-schema-graph\">{\"@context\":\"https:\\\/\\\/schema.org\",\"@graph\":[{\"@type\":\"WebPage\",\"@id\":\"https:\\\/\\\/classic-parts-finder.com\\\/content\\\/en\\\/who-are-we\\\/\",\"url\":\"https:\\\/\\\/classic-parts-finder.com\\\/content\\\/en\\\/who-are-we\\\/\",\"name\":\"Who are we ? - Classic Parts Finder\",\"isPartOf\":{\"@id\":\"https:\\\/\\\/classic-parts-finder.com\\\/content\\\/#website\"},\"primaryImageOfPage\":{\"@id\":\"https:\\\/\\\/classic-parts-finder.com\\\/content\\\/en\\\/who-are-we\\\/#primaryimage\"},\"image\":{\"@id\":\"https:\\\/\\\/classic-parts-finder.com\\\/content\\\/en\\\/who-are-we\\\/#primaryimage\"},\"thumbnailUrl\":\"https:\\\/\\\/classic-parts-finder.com\\\/content\\\/wp-content\\\/uploads\\\/2022\\\/02\\\/qui-sommes-nous.jpeg\",\"datePublished\":\"2022-02-04T10:48:50+00:00\",\"dateModified\":\"2023-05-17T15:33:06+00:00\",\"breadcrumb\":{\"@id\":\"https:\\\/\\\/classic-parts-finder.com\\\/content\\\/en\\\/who-are-we\\\/#breadcrumb\"},\"inLanguage\":\"fr-FR\",\"potentialAction\":[{\"@type\":\"ReadAction\",\"target\":[\"https:\\\/\\\/classic-parts-finder.com\\\/content\\\/en\\\/who-are-we\\\/\"]}]},{\"@type\":\"ImageObject\",\"inLanguage\":\"fr-FR\",\"@id\":\"https:\\\/\\\/classic-parts-finder.com\\\/content\\\/en\\\/who-are-we\\\/#primaryimage\",\"url\":\"https:\\\/\\\/classic-parts-finder.com\\\/content\\\/wp-content\\\/uploads\\\/2022\\\/02\\\/qui-sommes-nous.jpeg\",\"contentUrl\":\"https:\\\/\\\/classic-parts-finder.com\\\/content\\\/wp-content\\\/uploads\\\/2022\\\/02\\\/qui-sommes-nous.jpeg\",\"width\":1200,\"height\":797},{\"@type\":\"BreadcrumbList\",\"@id\":\"https:\\\/\\\/classic-parts-finder.com\\\/content\\\/en\\\/who-are-we\\\/#breadcrumb\",\"itemListElement\":[{\"@type\":\"ListItem\",\"position\":1,\"name\":\"Accueil\",\"item\":\"https:\\\/\\\/classic-parts-finder.com\\\/content\\\/\"},{\"@type\":\"ListItem\",\"position\":2,\"name\":\"Who are we ?\"}]},{\"@type\":\"WebSite\",\"@id\":\"https:\\\/\\\/classic-parts-finder.com\\\/content\\\/#website\",\"url\":\"https:\\\/\\\/classic-parts-finder.com\\\/content\\\/\",\"name\":\"Classic Parts Finder\",\"description\":\"La premi\u00e8re plateforme qui vous aide \u00e0 trouver, vendre, et r\u00e9nover vos pi\u00e8ces d\u00e9tach\u00e9es !\",\"publisher\":{\"@id\":\"https:\\\/\\\/classic-parts-finder.com\\\/content\\\/#organization\"},\"potentialAction\":[{\"@type\":\"SearchAction\",\"target\":{\"@type\":\"EntryPoint\",\"urlTemplate\":\"https:\\\/\\\/classic-parts-finder.com\\\/content\\\/?s={search_term_string}\"},\"query-input\":{\"@type\":\"PropertyValueSpecification\",\"valueRequired\":true,\"valueName\":\"search_term_string\"}}],\"inLanguage\":\"fr-FR\"},{\"@type\":\"Organization\",\"@id\":\"https:\\\/\\\/classic-parts-finder.com\\\/content\\\/#organization\",\"name\":\"Classic Parts Finder\",\"alternateName\":\"CPF\",\"url\":\"https:\\\/\\\/classic-parts-finder.com\\\/content\\\/\",\"logo\":{\"@type\":\"ImageObject\",\"inLanguage\":\"fr-FR\",\"@id\":\"https:\\\/\\\/classic-parts-finder.com\\\/content\\\/#\\\/schema\\\/logo\\\/image\\\/\",\"url\":\"https:\\\/\\\/classic-parts-finder.com\\\/wp-content\\\/uploads\\\/2022\\\/08\\\/Classic-Parts-Finder.jpg\",\"contentUrl\":\"https:\\\/\\\/classic-parts-finder.com\\\/wp-content\\\/uploads\\\/2022\\\/08\\\/Classic-Parts-Finder.jpg\",\"width\":1399,\"height\":1399,\"caption\":\"Classic Parts Finder\"},\"image\":{\"@id\":\"https:\\\/\\\/classic-parts-finder.com\\\/content\\\/#\\\/schema\\\/logo\\\/image\\\/\"},\"sameAs\":[\"https:\\\/\\\/www.facebook.com\\\/classicpartsfinder\\\/\",\"https:\\\/\\\/www.instagram.com\\\/classic_parts_finder\\\/\"]}]}<\/script>\n<!-- \/ Yoast SEO Premium plugin. -->","yoast_head_json":{"title":"Who are we ? - Classic Parts Finder","robots":{"index":"index","follow":"follow","max-snippet":"max-snippet:-1","max-image-preview":"max-image-preview:large","max-video-preview":"max-video-preview:-1"},"canonical":"https:\/\/classic-parts-finder.com\/content\/en\/who-are-we\/","og_locale":"fr_FR","og_type":"article","og_title":"Who are we ?","og_description":"Our story Classic Parts Finder originated -like any good idea one may say- from a frustration! Its founder, Benjamin Grappin, himself a vintage car enthusiast and collector, has always enjoyed browsing trade shows or searching the web for the right spare part. But he still has to find the time to do it\u2026 After a [&hellip;]","og_url":"https:\/\/classic-parts-finder.com\/content\/en\/who-are-we\/","og_site_name":"Classic Parts Finder","article_publisher":"https:\/\/www.facebook.com\/classicpartsfinder\/","article_modified_time":"2023-05-17T15:33:06+00:00","og_image":[{"width":1200,"height":797,"url":"https:\/\/classic-parts-finder.com\/content\/wp-content\/uploads\/2022\/02\/qui-sommes-nous.jpeg","type":"image\/jpeg"}],"twitter_card":"summary_large_image","twitter_misc":{"Dur\u00e9e de lecture estim\u00e9e":"2 minutes"},"schema":{"@context":"https:\/\/schema.org","@graph":[{"@type":"WebPage","@id":"https:\/\/classic-parts-finder.com\/content\/en\/who-are-we\/","url":"https:\/\/classic-parts-finder.com\/content\/en\/who-are-we\/","name":"Who are we ? - Classic Parts Finder","isPartOf":{"@id":"https:\/\/classic-parts-finder.com\/content\/#website"},"primaryImageOfPage":{"@id":"https:\/\/classic-parts-finder.com\/content\/en\/who-are-we\/#primaryimage"},"image":{"@id":"https:\/\/classic-parts-finder.com\/content\/en\/who-are-we\/#primaryimage"},"thumbnailUrl":"https:\/\/classic-parts-finder.com\/content\/wp-content\/uploads\/2022\/02\/qui-sommes-nous.jpeg","datePublished":"2022-02-04T10:48:50+00:00","dateModified":"2023-05-17T15:33:06+00:00","breadcrumb":{"@id":"https:\/\/classic-parts-finder.com\/content\/en\/who-are-we\/#breadcrumb"},"inLanguage":"fr-FR","potentialAction":[{"@type":"ReadAction","target":["https:\/\/classic-parts-finder.com\/content\/en\/who-are-we\/"]}]},{"@type":"ImageObject","inLanguage":"fr-FR","@id":"https:\/\/classic-parts-finder.com\/content\/en\/who-are-we\/#primaryimage","url":"https:\/\/classic-parts-finder.com\/content\/wp-content\/uploads\/2022\/02\/qui-sommes-nous.jpeg","contentUrl":"https:\/\/classic-parts-finder.com\/content\/wp-content\/uploads\/2022\/02\/qui-sommes-nous.jpeg","width":1200,"height":797},{"@type":"BreadcrumbList","@id":"https:\/\/classic-parts-finder.com\/content\/en\/who-are-we\/#breadcrumb","itemListElement":[{"@type":"ListItem","position":1,"name":"Accueil","item":"https:\/\/classic-parts-finder.com\/content\/"},{"@type":"ListItem","position":2,"name":"Who are we ?"}]},{"@type":"WebSite","@id":"https:\/\/classic-parts-finder.com\/content\/#website","url":"https:\/\/classic-parts-finder.com\/content\/","name":"Classic Parts Finder","description":"La premi\u00e8re plateforme qui vous aide \u00e0 trouver, vendre, et r\u00e9nover vos pi\u00e8ces d\u00e9tach\u00e9es !","publisher":{"@id":"https:\/\/classic-parts-finder.com\/content\/#organization"},"potentialAction":[{"@type":"SearchAction","target":{"@type":"EntryPoint","urlTemplate":"https:\/\/classic-parts-finder.com\/content\/?s={search_term_string}"},"query-input":{"@type":"PropertyValueSpecification","valueRequired":true,"valueName":"search_term_string"}}],"inLanguage":"fr-FR"},{"@type":"Organization","@id":"https:\/\/classic-parts-finder.com\/content\/#organization","name":"Classic Parts Finder","alternateName":"CPF","url":"https:\/\/classic-parts-finder.com\/content\/","logo":{"@type":"ImageObject","inLanguage":"fr-FR","@id":"https:\/\/classic-parts-finder.com\/content\/#\/schema\/logo\/image\/","url":"https:\/\/classic-parts-finder.com\/wp-content\/uploads\/2022\/08\/Classic-Parts-Finder.jpg","contentUrl":"https:\/\/classic-parts-finder.com\/wp-content\/uploads\/2022\/08\/Classic-Parts-Finder.jpg","width":1399,"height":1399,"caption":"Classic Parts Finder"},"image":{"@id":"https:\/\/classic-parts-finder.com\/content\/#\/schema\/logo\/image\/"},"sameAs":["https:\/\/www.facebook.com\/classicpartsfinder\/","https:\/\/www.instagram.com\/classic_parts_finder\/"]}]}},"lang":"en","translations":{"en":208,"fr":14,"de":500},"pll_sync_post":[],"acf":[],"_links":{"self":[{"href":"https:\/\/classic-parts-finder.com\/content\/wp-json\/wp\/v2\/pages\/208","targetHints":{"allow":["GET"]}}],"collection":[{"href":"https:\/\/classic-parts-finder.com\/content\/wp-json\/wp\/v2\/pages"}],"about":[{"href":"https:\/\/classic-parts-finder.com\/content\/wp-json\/wp\/v2\/types\/page"}],"author":[{"embeddable":true,"href":"https:\/\/classic-parts-finder.com\/content\/wp-json\/wp\/v2\/users\/1"}],"replies":[{"embeddable":true,"href":"https:\/\/classic-parts-finder.com\/content\/wp-json\/wp\/v2\/comments?post=208"}],"version-history":[{"count":20,"href":"https:\/\/classic-parts-finder.com\/content\/wp-json\/wp\/v2\/pages\/208\/revisions"}],"predecessor-version":[{"id":1768,"href":"https:\/\/classic-parts-finder.com\/content\/wp-json\/wp\/v2\/pages\/208\/revisions\/1768"}],"wp:featuredmedia":[{"embeddable":true,"href":"https:\/\/classic-parts-finder.com\/content\/wp-json\/wp\/v2\/media\/209"}],"wp:attachment":[{"href":"https:\/\/classic-parts-finder.com\/content\/wp-json\/wp\/v2\/media?parent=208"}],"curies":[{"name":"wp","href":"https:\/\/api.w.org\/{rel}","templated":true}]}}